3 (base 4) in base 14?
-37991
Convert -c02ced (base 16) to base 5.
-11211010123
Convert -46203 (base 7) to base 12.
-6983
Convert 2031332312 (base 4) to base 15.
b74a8
-19554b (base 13) to base 10
-640235
What is 4307503 (base 10) in base 16?
41ba2f
311033231 (base 5) to base 4
10311203211
What is -2568487 (base 10) in base 9?
-4744264
572a2 (base 14) to base 4
303231232
What is 2488766 (base 10) in base 7?
30103610
What is 716304 (base 10) in base 2?
10101110111000010000
-138520 (base 11) to base 16
-34cb9
-2563a (base 12) to base 2
-1100011101001110
What is -230321024 (base 5) in base 11?
-641161
-201232323303 (base 4) to base 3
-121122021022100
5054516 (base 7) to base 15
bd505
What is 210143212 (base 5) in base 8?
3232230
-146450 (base 8) to base 14
-151d6
What is -10001101001001100001 (base 2) in base 13?
-1731c9
Convert 1594ab (base 13) to base 2.
10000010100010100000
92158 (base 16) to base 11
379614
-2093a0 (base 14) to base 6
-35333320
What is -24691b (base 12) in base 8?
-2204647
What is 7cabc (base 16) in base 7?
4224532
-2033012223 (base 4) to base 8
-2170653
-121022121 (base 4) to base 14
-297bb
423414 (base 6) to base 16
86c2
What is 3a3704 (base 11) in base 4?
2122320213
Convert 2766011 (base 8) to base 14.
164a49
7512328 (base 9) to base 7
46125446
What is 323203030 (base 4) in base 15?
4c411
232122023 (base 4) to base 7
1421126
What is -1675164 (base 8) in base 3?
-220220021212
What is -161398 (base 12) in base 8?
-1335344
Convert c3859 (base 14) to base 13.
13642b
-352255 (base 8) to base 10
-119981
Convert -110122211022122 (base 3) to base 10.
-6728174
What is -5304332 (base 6) in base 10?
-257600
Convert -233301302 (base 5) to base 9.
-2013546
Convert 77612 (base 9) to base 13.
1a5b8
What is -24a88 (base 13) in base 14?
-1a968
Convert 4330406 (base 7) to base 5.
113402142
Convert 32561614 (base 7) to base 15.
3a61b1
What is 11056660 (base 7) in base 2?
11101001010011000111
202101122 (base 3) to base 12
872b
What is 47515 (base 10) in base 4?
23212123
7016445 (base 8) to base 12
74a2b1
Convert -2210201202 (base 3) to base 14.
-16196
-102670 (base 12) to base 15
-50076
-476a83 (base 15) to base 12
-1187b96
Convert 201642 (base 7) to base 5.
2044111
What is 10011111000011101101100 (base 2) in base 14?
9995c8
What is 32104203 (base 6) in base 8?
3457413
Convert 10111101000010011 (base 2) to base 10.
96787
-1420134 (base 7) to base 11
-11a623
43333323 (base 5) to base 16
5a990
What is -1029587 (base 11) in base 4?
-12322300102
24505504 (base 6) to base 15
10812a
Convert 3b9d5 (base 14) to base 7.
1152455
Convert 215c03 (base 15) to base 6.
54020133
9e7987 (base 15) to base 7
121222525
What is -233220010001 (base 4) in base 7?
-211056011
-1102011011011 (base 3) to base 6
-24032434
What is 1846a (base 15) in base 9?
128761
What is 210111112122 (base 3) in base 12?
184abb
What is 112012201212 (base 3) in base 6?
5555035
Convert 110754006 (base 8) to base 7.
321366513
What is -6625081 (base 10) in base 12?
-2275b61
Convert -184221 (base 16) to base 4.
-12010020201
What is -1147170 (base 11) in base 10?
-2000691
What is 33493 (base 11) in base 15?
e587
Convert -1012210211100 (base 3) to base 9.
-1183740
210212202021100 (base 3) to base 11
6622110
Convert 565976 (base 10) to base 6.
20044132
What is 140113 (base 8) in base 6?
1015523
-1001110200121102 (base 3) to base 10
-15130109
What is -27610 (base 8) in base 7?
-50322
100111011111010010100 (base 2) to base 8
4737224
10637526 (base 9) to base 7
61610646
-33230211 (base 4) to base 8
-175445
Convert -115335344 (base 6) to base 15.
-2dd244
What is 94b01 (base 14) in base 4?
1113213131
-11210112220 (base 3) to base 14
-265bd
3663526 (base 7) to base 10
469489
What is -301a (base 13) in base 15?
-1e5e
Convert 2211120220000 (base 3) to base 12.
608483
What is 254003421 (base 7) in base 3?
1010022221022200
Convert -5815c (base 14) to base 15.
-43775
145304 (base 8) to base 6
1040152
-120100102202100 (base 3) to base 16
-7c7892
What is 430425 (base 7) in base 4?
102032112
100110101111001111011 (base 2) to base 10
1269371
Convert 21463 (base 7) to base 14.
1d6a
Convert 2e4aa (base 15) to base 3.
21121011021
Convert -116d0 (base 14) to base 3.
-2011022202
-250074 (base 8) to base 14
-23524
Convert 1144443104 (base 5) to base 9.
5126488
-20653102 (base 7) to base 15
-24bbad
10f2e7 (base 16) to base 10
1110759
What is 534433 (base 10) in base 4?
2002132201
-242125 (base 8) to base 5
-10124104
What is -1362677 (base 8) in base 16?
-5e5bf
-1305271 (base 13) to base 7
-101410033
What is 410710 (base 8) in base 4?
201013020
Convert 7736785 (base 9) to base 8.
17671263
What is -1100010100011001000110 (base 2) in base 7?
-36306510
Convert 186975 (base 11) to base 6.
10054132
Convert 62b3a9 (base 14) to base 16.
32e229
What is -1101221011 (base 5) in base 12?
-961966
What is 2101021111 (base 3) in base 6?
1000534
Convert 71361 (base 14) to base 11.
176672
What is 22701 (base 14) in base 11?
57975
What is 110000011000001011000101 (base 2) in base 9?
25768287
-10530661 (base 7) to base 4
-3133122232
-2355c9 (base 14) to base 12
-4a1951
-579dd5 (base 14) to base 16
-2d8df7
-120000111221121 (base 3) to base 6
-443024411
22536405 (base 8) to base 3
100012211212101
Convert 70831 (base 13) to base 8.
611147
What is 26057 (base 9) in base 7?
102106
-10013312 (base 4) to base 14
-6222
-d83a9 (base 15) to base 5
-133422314
What is 2a6823 (base 13) in base 8?
3764507
What is -54144 (base 14) in base 9?
-338802
What is 5243313 (base 6) in base 10?
254781
What is 3141120 (base 5) in base 13?
1ac7a
Convert -2013320301 (base 4) to base 7.
-4505502
233130 (base 8) to base 10
79448
d916 (base 14) to base 9
56337
Convert -231220210 (base 4) to base 2.
-101101101000100100
What is 333023124 (base 5) in base 16?
1632c5
What is -11111101000111111111 (base 2) in base 7?
-11545511
Convert -62d62 (base 14) to base 5.
-30113433
Convert -518ee (base 15) to base 11.
-167262
What is 2122230 (base 5) in base 11?
25003
Convert -846161 (base 15) to base 5.
-3103014231
What is -222374 (base 10) in base 4?
-312102212
What is -10020212010122 (base 3) in base 13?
-487160
What is 386266 (base 10) in base 5?
44330031
Convert 55434113 (base 6) to base 13.
4657bc
What is 13777517 (base 9) in base 12?
235b65a
What is 1100010010011001001010 (base 2) in base 16?
31264a
What is -15003135 (base 6) in base 8?
-1753603
1baa932 (base 13) to base 3
122100102200221
-1a4e5 (base 15) to base 13
-2cbb2
131342001 (base 5) to base 13
19b158
Convert 28aa6 (base 12) to base 4.
31320132
What is 132243040 (base 5) in base 14?
1346c3
Convert 48608 (base 13) to base 16.
206ea
2246001 (base 10) to base 12
903929
Convert 6d9b3 (base 14) to base 9.
447666
What is -1032434443 (base 5) in base 16?
-221594
Convert -51519c (base 13) to base 12.
-775499
-46752 (base 12) to base 11
-64a02
What is -10101011001001111000111 (base 2) in base 16?
-5593c7
What is 110221200121000 (base 3) in base 4?
122100121221
What is -782bc (base 13) in base 3?
-102002000221
132d5e (base 15) to base 8
3406666
What is 414230111 (base 5) in base 4?
12201302301
Convert 6b049c (base 13) to base 16.
26cc8e
What is -20202012200 (base 3) in base 7?
-1062156
95b7 (base 12) to base 11
1136a
What is -11110011000010000101111 (base 2) in base 9?
-15877120
What is 5a493 (base 14) in base 15?
454a8
-22124321 (base 7) to base 9
-3523802
1004475 (base 8) to base 5
31431014
Convert 101000232 (base 4) to base 12.
343a6
What is 11430024 (base 5) in base 9?
174304
Convert -131642 (base 9) to base 11.
-55104
Convert -2221330 (base 5) to base 12.
-1a671
Convert 106323613 (base 7) to base 11.
3759025
What is ae8b (base 15) in base 8?
110247
What is -525131334 (base 6) in base 10?
-9203242
What is 24a1997 (base 12) in base 3?
111111200002021
Convert -54c591 (base 15) to base 5.
-2013304021
Convert 2240747 (base 10) to base 4.
20203003223
Convert -361764 (base 9) to base 13.
-78220
What is 23154324 (base 8) in base 15?
697349
Convert 172021 (base 9) to base 14.
2ab1b
Convert 15635774 (base 8) to base 5.
1411313321
Convert -101102110102000 (base 3) to base 12.
-1a32000
Convert 12604433 (base 7) to base 14.
2232c3
-610151 (base 11) to base 8
-3574204
What is -120a33 (base 16) in base 7?
-13022551
Convert 222143